268
Let c(i) = -2*i**2 + 64418*i - 386443. Give c(6).
-7
Let k(z) = -15359*z - 199707. Give k(-13).
-40
Let r(g) = -g**2 - 3456*g - 28. What is r(0)?
-28
Let p(j) = -11*j + 1166. Calculate p(7).
1089
Let g(q) = q**3 + 129*q**2 + 481*q - 2338. Determine g(-125).
37
Let w(y) = -3781*y + 3225. Determine w(1).
-556
Let g(d) = d**3 - 9*d**2 - 1661*d + 88. Give g(-37).
-1429
Let g(x) = -34125*x + 102398. Give g(3).
23
Let d(c) = -c**3 - 10*c**2 + 1881*c + 20534. What is d(-11)?
-36
Let b(q) = 160*q + 71691. Determine b(-448).
11
Let w(y) = -y**3 + 58*y**2 - 864*y + 121. What is w(25)?
-854
Let k(j) = 12*j**3 + 63*j**2 + 30*j + 100. Determine k(-6).
-404
Let u(z) = -6*z**3 - 27*z**2 + 198*z + 211. Determine u(-1).
-8
Let z(t) = 1118*t - 61444. What is z(55)?
46
Let k(g) = g**3 + 3*g**2 - 50*g - 51. Calculate k(0).
-51
Let d(i) = 19*i**2 - 188*i + 389. Determine d(9).
236
Let a(g) = 1630*g + 39288. Calculate a(-24).
168
Let v(b) = -911*b - 7423. Give v(-6).
-1957
Let j(z) = 8*z**2 + 6605*z - 39549. Give j(6).
369
Let o(f) = -2*f**3 - 79*f**2 - 36*f - 36. Calculate o(-39).
-153
Let o(p) = -p**3 + 73*p**2 - 94*p + 6818. What is o(73)?
-44
Let x(j) = -2*j**2 + 8*j + 1675. Give x(-24).
331
Let k(h) = 46*h**2 + 21*h - 53. Give k(-6).
1477
Let k(m) = -509*m + 69197. Determine k(136).
-27
Let i(j) = 2389*j + 10055. Give i(-4).
499
Let o(g) = -1436*g - 193882. Determine o(-135).
-22
Let i(y) = 790*y**2 - 200656*y - 991. What is i(254)?
25
Let g(q) = -2*q**3 - 128*q**2 - 2146*q - 3163. What is g(-30)?
17
Let o(t) = 719*t**2 - 21576*t + 135. Determine o(30).
-45
Let i(n) = 81*n - 14063. Give i(174).
31
Let b(y) = -2*y**2 + 3346*y - 1376785. What is b(943)?
-5
Let f(h) = 6512247*h + 32561239. What is f(-5)?
4
Let i(q) = 38511*q - 423322. Calculate i(11).
299
Let m(y) = 3*y**3 + 150*y**2 - 492*y + 163. What is m(3)?
118
Let y(n) = -63*n**2 + 337*n + 196. What is y(5)?
306
Let m(u) = -75*u**2 - 4071*u + 2848. Determine m(-55).
-122
Let f(z) = 117*z + 351. Calculate f(-28).
-2925
Let r(k) = 30242*k + 181549. What is r(-6)?
97
Let s(f) = 2*f**3 - 30*f**2 - 16*f + 80. Give s(14).
-536
Let d(b) = -441681*b - 1. Calculate d(0).
-1
Let b(h) = 12*h**2 - 1363*h + 356. What is b(113)?
-435
Let i(v) = -3*v**2 - 4660*v + 371481. Give i(76).
-7
Let w(x) = -303*x + 28457. Determine w(123).
-8812
Let g(a) = -a**3 + 140*a**2 + 130*a + 2566. Determine g(141).
1015
Let j(a) = -6*a**3 + 7*a**2 + 35*a - 61. What is j(6)?
-895
Let q(u) = 3*u**3 + 661*u**2 - 525*u - 163920. Give q(-220).
-20
Let b(x) = x**3 + 24*x**2 + 85*x. Calculate b(-19).
190
Let t(j) = 4682*j + 913003. What is t(-195)?
13
Let x(b) = 1382*b + 117495. Calculate x(-85).
25
Let h(m) = m**3 + 124*m**2 - 3125*m - 144557. Calculate h(-139).
3
Let o(j) = -10*j**2 - 62*j - 25. Calculate o(17).
-3969
Let p(d) = -1006*d**3 - 16*d**2 + 2*d + 17. Determine p(-1).
1005
Let o(b) = -3*b**3 + 545*b**2 - 1442*b + 1787. What is o(179)?
-3
Let p(c) = -18*c**2 - 2551*c + 22264. Determine p(-150).
-86
Let y(z) = 7*z**2 - 1794*z + 701. Determine y(256).
189
Let u(c) = 5001*c - 16237. Give u(3).
-1234
Let f(p) = 3*p**3 - 91*p**2 + 611*p - 93. Calculate f(20).
-273
Let d(i) = i**3 + 27*i**2 + 48*i - 37. Calculate d(-18).
2015
Let o(v) = -239*v + 223. What is o(2)?
-255
Let r(p) = 4*p**2 - 3486*p + 60. Calculate r(0).
60
Let r(c) = -389*c + 24291. What is r(62)?
173
Let w(x) = -x**2 - 395*x - 26351. Give w(-85).
-1
Let j(v) = -v**2 + 1311*v + 180854. Determine j(-126).
-208
Let t(s) = 487*s + 88724. Determine t(-182).
90
Let t(z) = 7390*z + 443402. Give t(-60).
2
Let f(s) = -205*s + 4047. Determine f(15).
972
Let g(f) = -3826*f + 31570. Give g(9).
-2864
Let w(d) = 4819*d - 72269. Calculate w(15).
16
Let g(c) = -c**3 + 48*c**2 - 792*c + 320. Calculate g(0).
320
Let x(k) = 4275*k - 34445. Determine x(8).
-245
Let b(l) = -15*l**2 + 8514*l + 176283. Calculate b(-20).
3
Let i(n) = -2171*n - 2138434. Determine i(-985).
1
Let t(z) = 18396*z + 3881550. Give t(-211).
-6
Let w(l) = 9*l**3 - 241*l**2 + 399*l + 17. Give w(25).
-8
Let r(q) = 3224*q + 47308. Calculate r(-13).
5396
Let u(b) = b**3 - 59*b**2 + 844*b - 63873. Calculate u(62).
-13
Let y(r) = r**3 + 506*r**2 - 5519*r - 1867. Give y(11).
-19
Let n(r) = r**2 - 2006*r - 230554. Give n(-109).
-19
Let o(d) = 2039*d - 22475. Calculate o(11).
-46
Let r(y) = -670*y**2 + 3989*y + 23. Calculate r(6).
-163
Let v(u) = 6*u**2 + 3226*u - 39448. Give v(12).
128
Let a(k) = 72356*k + 4992549. Calculate a(-69).
-15
Let r(u) = 62*u**3 - u**2 + 16*u - 42. What is r(2)?
482
Let g(i) = -10094*i + 272074. Determine g(27).
-464
Let h(j) = -365186*j + 4382238. Determine h(12).
6
Let x(k) = -k**3 - 142*k**2 + 1031*k + 58. Determine x(7).
-26
Let b(j) = -79124*j + 63299199. Give b(800).
-1
Let p(k) = -1706*k + 63200. Give p(37).
78
Let l(b) = -4*b**3 + 220*b**2 + 1211*b - 587. What is l(60)?
73
Let x(o) = 4464*o + 745474. Calculate x(-167).
-14
Let m(c) = 61*c**3 - 1095*c**2 + 982*c + 66. Calculate m(17).
-2
Let l(v) = 156*v + 10130. Determine l(-65).
-10
Let a(q) = -327763*q + 655594. Calculate a(2).
68
Let c(r) = 429*r - 13088. What is c(32)?
640
Let t(q) = -2302*q + 64785. Give t(28).
329
Let m(y) = 122402*y + 367198. What is m(-3)?
-8
Let o(g) = 170212*g - 1872342. What is o(11)?
-10
Let o(v) = 1791*v - 18693. What is o(11)?
1008
Let u(s) = -33383*s - 801761. What is u(-24)?
-569
Let i(k) = 9*k**2 - 4309*k + 428245. What is i(338)?
-1
Let y(b) = 56*b**2 + 637*b - 2. Determine y(-11).
-233
Let c(j) = j**3 + 17*j**2 - 17480*j - 476. Give c(124).
20
Let q(h) = 955*h - 3675. Determine q(7).
3010
Let x(v) = -2160*v - 5977. What is x(-2)?
-1657
Let r(b) = 3*b**3 - 52*b**2 + 86*b + 12. What is r(2)?
0
Let l(s) = 5025*s - 1085401. What is l(216)?
-1
Let l(n) = 271*n**2 + 3621*n - 27. Determine l(-14).
2395
Let x(m) = 5804*m - 775. What is x(1)?
5029
Let k(z) = 1879*z + 27725. What is k(-15)?
-460
Let l(j) = -14*j**2 - 984*j - 262. Determine l(-70).
18
Let d(n) = -51*n - 15028. Give d(-125).
-8653
Let k(l) = -45357*l - 2812148. What is k(-62)?
-14
Let j(r) = 18*r**3 + 57*r**2 - 88*r - 356. Give j(-4).
-244
Let k(v) = 3*v**2 + 209*v - 2470. Calculate k(-80).
10
Let a(h) = 3*h**2 + 985*h + 8916. Calculate a(-319).
-16
Let h(c) = -366*c**3 - 1082*c**2 - 45*c - 146. Calculate h(-3).
133
Let s(q) = -q**3 + 1707*q**2 - 210781*q - 135. Determine s(134).
-1
Let q(x) = -2*x**3 + 105*x**2 + 28*x + 1457. What is q(53)?
132
Let v(x) = x**2 + 108*x + 1869. Calculate v(-20).
109
Let i(v) = v**3 + 20*v**2 - 1257*v - 26073. What is i(-21)?
-117
Let b(n) = -95181*n + 95196. Calculate b(1).
15
Let n(k) = -2*k**3 - 125*k**2 + 56*k + 798. Calculate n(-63).
1239
Let v(t) = t**3 + 25*t**2 + 34*t - 923. Give v(-21).
127
Let k(q) = q**3 + 14*q**2 + 19*q + 168. Determine k(-17).
-1022
Let w(j) = -j**2 + 236*j - 9927. Give w(55).
28
Let j(k) = -2*k**2 - 44*k + 152. What is j(0)?
152
Let g(q) = -5*q**3 - 752*q**2 - 1066*q - 3438. Give g(-149).
-11
Let z(x) = x**2 - 308*x - 138869. Calculate z(-250).
631
Let q(b) = b**3 - 1257*b**2 + 3751*b + 13799. Determine q(1254).
5
Let h(c) = -c**3 - 1604*c**2 + 6394*c + 61. What is h(4)?
-91
Let p(o) = -o**2 + 3268*o + 135654. Calculate p(-41).
-15
Let i(h) = h**3 - 5*h**2 - 18*h + 30. Give i(-4).
-42
Let n(h) = -73934*h - 813255. What is n(-11)?
19
Let j(l) = l**3 - 15*l**2 + 80*l + 617. Give j(16).
2153
Let z(s) = 2461*s + 519308. Calculate z(-211).
37
Let a(t) = 6176*t + 43413. Calculate a(-7).
181
Let v(u) = -650*u + 173533. Determine v(267).
-17
Let v(i) = -12252*i - 36764. Determine v(-3).
-8
Let t(q) = -4793*q - 4802. What is t(-1)?
-9
Let g(o) = -40218*o + 9089269. Calculate g(226).
1
Let o(r) = 19*r**2 - 824*r + 583. What is o(43)?
282
Let p(q) = -7*q - 110. Give p(44).
-418
Let i(n) = 9*n**2 + 64*n - 7483. Give i(25).
-258
Let c(d) = -279*d + 1288. Calculate c(4).
172
Let k(t) = 973*t + 76870. What is k(-79)?
3
Let h(u) = -2*u**2 - 175*u - 3828. What is h(-26)?
-630
Let b(q) = -535*q + 19504. Calculate b(37).
-291
Let k(i) = 12*i**2 - 537*i + 386. Calculate k(39).
-2305
Let m(l) = l**2 - 6967*l - 83871. Give m(-12).
-123
Let b(j) = 71*j**2 - 1410*j + 111. What is b(20)?
311
Let o(h) = -1467*h - 24903. Calculate o(-17).
36
Let r(p) = 5*p**2 + 136*p + 224. Determine r(-30).
644
Let x(n) = -7113*n 